0 and 2463060?
60
Calculate the greatest common factor of 6633648 and 12159.
63
Calculate the greatest common divisor of 353 and 11356363.
353
Calculate the highest common factor of 245674 and 24728.
22
Calculate the highest common factor of 75964645 and 42485.
1465
Calculate the greatest common divisor of 565224 and 6204.
132
What is the highest common divisor of 564955 and 2060?
515
Calculate the highest common factor of 70 and 28601265.
35
Calculate the highest common divisor of 25312367 and 376.
47
Calculate the highest common factor of 114 and 1241061.
57
What is the greatest common divisor of 220119529 and 14?
7
Calculate the highest common factor of 241123 and 9167.
103
Calculate the highest common divisor of 3238832 and 656.
16
What is the highest common divisor of 124793013 and 447?
447
What is the greatest common divisor of 11643 and 9591?
3
What is the greatest common factor of 130641 and 3297?
21
What is the highest common factor of 1068082789 and 87?
29
Calculate the greatest common divisor of 711 and 3098143.
79
What is the highest common divisor of 1386 and 1822172?
22
Calculate the greatest common factor of 10539370 and 20.
10
Calculate the highest common divisor of 415 and 757756966.
83
What is the greatest common factor of 32 and 189156576?
32
Calculate the greatest common factor of 1190 and 35569610.
170
What is the greatest common factor of 3575 and 3751605?
715
What is the greatest common factor of 5480 and 145667990?
1370
Calculate the greatest common divisor of 10380570 and 315.
15
What is the greatest common divisor of 33 and 94302087?
33
What is the highest common divisor of 133250 and 27375?
125
What is the greatest common factor of 12932915 and 305?
305
What is the highest common factor of 21156 and 562?
2
Calculate the highest common factor of 85028 and 30508.
116
Calculate the highest common factor of 828 and 215073.
207
What is the greatest common divisor of 2251554 and 18?
6
What is the highest common divisor of 111 and 14952366?
111
Calculate the highest common divisor of 33 and 2075271.
33
Calculate the highest common factor of 980313 and 4191.
381
What is the highest common divisor of 13334222 and 1059?
353
Calculate the highest common factor of 1183806 and 342.
18
Calculate the greatest common divisor of 57587730 and 30.
30
What is the highest common factor of 551 and 1690145?
19
What is the highest common divisor of 54284 and 347967?
41
Calculate the greatest common divisor of 96 and 822702.
6
Calculate the highest common divisor of 30653216 and 128.
32
Calculate the highest common factor of 12693220 and 8325.
185
Calculate the highest common factor of 7 and 2454759748.
7
What is the highest common divisor of 8922565 and 955?
955
Calculate the greatest common factor of 117752095 and 10.
5
What is the greatest common factor of 3673441 and 173489?
7543
What is the highest common divisor of 459 and 7425702?
459
Calculate the highest common divisor of 547393 and 1925.
77
What is the highest common factor of 121459295 and 10790?
415
Calculate the greatest common divisor of 1273448640 and 20.
20
Calculate the greatest common factor of 1098 and 13221567.
549
Calculate the greatest common divisor of 19054594 and 13.
13
Calculate the greatest common factor of 252 and 11417940.
36
What is the highest common factor of 144126223 and 38128?
2383
Calculate the highest common divisor of 1678494591 and 9.
9
What is the greatest common divisor of 415 and 89567375?
415
What is the greatest common factor of 52450 and 103150?
50
What is the highest common factor of 40823340 and 17200?
860
What is the highest common factor of 10320 and 4169968?
688
Calculate the greatest common divisor of 36149405 and 415.
415
Calculate the greatest common factor of 576 and 5500992.
192
What is the highest common factor of 2810117 and 66079?
391
What is the greatest common factor of 216547617 and 741?
741
What is the highest common factor of 11553984 and 40320?
576
Calculate the highest common divisor of 87527539 and 1364.
341
Calculate the highest common divisor of 1657 and 38374463.
1657
Calculate the highest common factor of 429 and 1023737.
143
What is the highest common divisor of 196826275 and 101?
101
Calculate the greatest common factor of 171450671 and 2415.
161
What is the highest common factor of 122727 and 4059?
33
What is the highest common divisor of 325 and 2045125?
25
Calculate the greatest common factor of 833 and 513619470.
833
What is the greatest common factor of 730661 and 3526?
41
What is the greatest common factor of 3598 and 26778115?
1799
What is the greatest common divisor of 3140 and 2031266?
314
What is the highest common divisor of 6572064 and 24480?
1632
What is the highest common divisor of 253773 and 4220424?
1053
Calculate the greatest common factor of 93 and 5743432.
31
What is the highest common factor of 3795 and 4190439?
759
Calculate the highest common factor of 452 and 32.
4
What is the highest common factor of 12 and 7468743?
3
Calculate the greatest common factor of 6960762 and 144.
18
What is the highest common factor of 327 and 2637247479?
327
What is the highest common factor of 777948 and 818436?
2892
What is the greatest common divisor of 4205 and 4015?
5
What is the highest common divisor of 2662924 and 4532?
44
Calculate the greatest common divisor of 989 and 1407278.
23
What is the highest common divisor of 26895 and 288999?
489
Calculate the greatest common factor of 1953 and 1148259.
21
What is the greatest common divisor of 1672793577 and 234?
117
Calculate the greatest common divisor of 7616 and 4933264.
1904
Calculate the greatest common factor of 338 and 9606064.
26
What is the highest common factor of 183 and 22853833?
61
Calculate the highest common divisor of 572 and 5025548.
44
What is the highest common factor of 7042086 and 486?
54
Calculate the greatest common divisor of 225 and 114213075.
75
Calculate the greatest common factor of 346019 and 96638.
229
Calculate the greatest common divisor of 3551 and 396069.
53
What is the greatest common divisor of 3192 and 344400?
168
What is the greatest common factor of 1104 and 79921596?
276
What is the greatest common factor of 798069161 and 655?
131
What is the greatest common divisor of 280 and 315071440?
40
What is the highest common factor of 5657578 and 9959?
433
What is the highest common factor of 46483 and 60028?
43
Calculate the greatest common divisor of 118 and 6825061.
59
Calculate the highest common factor of 27084288 and 17175.
687
What is the highest common factor of 6747498 and 10?
2
What is the highest common divisor of 1914659 and 432837?
697
Calculate the greatest common factor of 1532288 and 704.
64
Calculate the highest common divisor of 52689 and 211528.
193
What is the highest common factor of 50571616 and 1824?
608
What is the greatest common divisor of 79501 and 7334153?
743
What is the greatest common divisor of 8160 and 3990444?
204
What is the highest common divisor of 3980 and 12278698?
398
What is the highest common divisor of 4 and 602428?
4
What is the greatest common divisor of 1 and 1519141?
1
Calculate the greatest common divisor of 248937 and 408642.
507
Calculate the greatest common divisor of 15081633 and 4824.
603
What is the greatest common divisor of 3330 and 81087720?
1110
What is the greatest common factor of 54808357 and 34?
17
Calculate the greatest common factor of 313867 and 23099022.
3973
What is the greatest common divisor of 64100691 and 1647?
549
Calculate the greatest common divisor of 510 and 303564155.
85
What is the greatest common divisor of 186 and 15584692?
62
What is the greatest common divisor of 468605 and 100640?
3145
Calculate the greatest common divisor of 16 and 534804.
4
What is the highest common factor of 19788307 and 22?
11
Calculate the highest common divisor of 24189057 and 9963.
1107
Calculate the greatest common divisor of 3021 and 43845787.
1007
Calculate the highest common factor of 9373 and 214487.
91
Calculate the greatest common divisor of 1126 and 1495011031.
563
What is the highest common divisor of 14706092 and 2032?
508
Calculate the highest common divisor of 1825956 and 58068.
36
What is the highest common factor of 8151 and 10671804?
429
Calculate the high